red millions digit of 104052664?
1
What is the thousands digit of 93761795?
1
What is the ten thousands digit of 1648812?
4
What is the ten thousands digit of 116642369?
4
What is the thousands digit of 876542?
6
What is the thousands digit of 81859786?
9
What is the thousands digit of 473151162?
1
What is the units digit of 2676026456?
6
What is the millions digit of 62144181?
2
What is the tens digit of 34817859?
5
What is the millions digit of 33646979?
3
What is the millions digit of 1029064910?
9
What is the hundred millions digit of 1484819059?
4
What is the hundred thousands digit of 154331328?
3
What is the ten millions digit of 21948829?
2
What is the ten millions digit of 19345016?
1
What is the hundreds digit of 387589180?
1
What is the hundred millions digit of 120664510?
1
What is the hundred thousands digit of 1607429044?
4
What is the hundred thousands digit of 1360035962?
0
What is the ten thousands digit of 54691226?
9
What is the ten millions digit of 1614370706?
1
What is the billions digit of 1836535216?
1
What is the ten millions digit of 16697547?
1
What is the hundred thousands digit of 7246649718?
6
What is the thousands digit of 1724272683?
2
What is the hundreds digit of 42118975?
9
What is the millions digit of 599357019?
9
What is the tens digit of 1036795849?
4
What is the millions digit of 7739587033?
9
What is the millions digit of 323859790?
3
What is the hundred thousands digit of 4040975575?
9
What is the hundred thousands digit of 411260006?
2
What is the hundred thousands digit of 620885875?
8
What is the thousands digit of 55233657?
3
What is the hundreds digit of 92584165?
1
What is the hundreds digit of 238221418?
4
What is the millions digit of 754918612?
4
What is the units digit of 83346992?
2
What is the millions digit of 185385146?
5
What is the units digit of 1027939248?
8
What is the ten millions digit of 42567133?
4
What is the tens digit of 811775412?
1
What is the hundred millions digit of 640936040?
6
What is the ten thousands digit of 30114725?
1
What is the thousands digit of 229286811?
6
What is the millions digit of 170749890?
0
What is the thousands digit of 38071439?
1
What is the thousands digit of 105034944?
4
What is the ten thousands digit of 6943181260?
8
What is the thousands digit of 21929589?
9
What is the units digit of 61631460?
0
What is the hundred millions digit of 985645471?
9
What is the units digit of 366813735?
5
What is the hundreds digit of 258536747?
7
What is the hundred thousands digit of 174172986?
1
What is the hundred millions digit of 5565097412?
5
What is the tens digit of 1037615?
1
What is the millions digit of 1864829337?
4
What is the hundred thousands digit of 39249971?
2
What is the thousands digit of 11965610?
5
What is the ten thousands digit of 313657380?
5
What is the hundred millions digit of 1813996199?
8
What is the millions digit of 15591172?
5
What is the tens digit of 4053095824?
2
What is the thousands digit of 140339060?
9
What is the hundred millions digit of 125880473?
1
What is the thousands digit of 170843093?
3
What is the millions digit of 104133705?
4
What is the ten thousands digit of 143841407?
4
What is the hundreds digit of 126625855?
8
What is the ten thousands digit of 536524724?
2
What is the hundred thousands digit of 2211056?
2
What is the units digit of 670031476?
6
What is the units digit of 11132759?
9
What is the hundreds digit of 3260747?
7
What is the millions digit of 4196459397?
6
What is the ten thousands digit of 110243900?
4
What is the hundreds digit of 102517896?
8
What is the hundreds digit of 436007783?
7
What is the ten millions digit of 271966446?
7
What is the units digit of 48314931?
1
What is the thousands digit of 2076743510?
3
What is the billions digit of 1241658004?
1
What is the ten millions digit of 194283012?
9
What is the ten millions digit of 1240446995?
4
What is the ten thousands digit of 276885088?
8
What is the millions digit of 199187504?
9
What is the tens digit of 574757064?
6
What is the units digit of 7468768973?
3
What is the millions digit of 508116813?
8
What is the units digit of 94175190?
0
What is the tens digit of 132474665?
6
What is the units digit of 1518771867?
7
What is the ten millions digit of 78855771?
7
What is the units digit of 297480752?
2
What is the millions digit of 113407911?
3
What is the hundred millions digit of 125387270?
1
What is the hundred thousands digit of 6874633249?
6
What is the hundred millions digit of 383236069?
3
What is the thousands digit of 533636272?
6
What is the millions digit of 1073980753?
3
What is the units digit of 2851507?
7
What is the units digit of 286029591?
1
What is the thousands digit of 3530876680?
6
What is the thousands digit of 264627217?
7
What is the hundreds digit of 128295975?
9
What is the hundreds digit of 135778989?
9
What is the thousands digit of 136662533?
2
What is the ten thousands digit of 70281918?
8
What is the hundred thousands digit of 3403910085?
9
What is the ten thousands digit of 3638004205?
0
What is the billions digit of 1229451348?
1
What is the thousands digit of 20976131?
6
What is the thousands digit of 1064501403?
1
What is the hundred millions digit of 104437370?
1
What is the units digit of 78845593?
3
What is the hundreds digit of 4898327?
3
What is the hundreds digit of 145168045?
0
What is the ten millions digit of 79460780?
7
What is the thousands digit of 1153053288?
3
What is the hundred thousands digit of 729568686?
5
What is the billions digit of 3124029091?
3
What is the thousands digit of 2768921961?
1
What is the hundred thousands digit of 252420655?
4
What is the ten thousands digit of 77616164?
1
What is the tens digit of 152355326?
2
What is the tens digit of 360961463?
6
What is the hundreds digit of 5520557200?
2
What is the units digit of 940723674?
4
What is the millions digit of 34172396?
4
What is the units digit of 364940941?
1
What is the tens digit of 422574300?
0
What is the ten thousands digit of 837830166?
3
What is the ten millions digit of 88419094?
8
What is the ten millions digit of 105426941?
0
What is the hundred millions digit of 2447303990?
4
What is the hundred millions digit of 2361614232?
3
What is the ten millions digit of 51182932?
5
What is the units digit of 67769853?
3
What is the millions digit of 59673236?
9
What is the ten millions digit of 49449191?
4
What is the ten thousands digit of 235791937?
9
What is the hundred thousands digit of 124368856?
3
What is the millions digit of 31972669?
1
What is the hundred thousands digit of 754283854?
2
What is the billions digit of 3835035713?
3
What is the millions digit of 105192155?
5
What is the ten thousands digit of 4169584289?
8
What is the ten millions digit of 89595545?
8
What is the units digit of 60770449?
9
What is the hundred thousands digit of 310368484?
3
What is the tens digit of 4324820776?
7
What is the units digit of 1010230944?
4
What is the tens digit of 3273128121?
2
What is the units digit of 197934817?
7
What is the tens digit of 1027719331?
3
What is the millions digit of 2462775760?
2
What is the units digit of 825741451?
1
What is the thousands digit of 184561769?
1
What is the ten thousands digit of 25045996?
4
What is the ten millions digit of 158511381?
5
What is the ten millions digit of 99035012?
9
What is the ten thousands digit of 65042803?
4
What is the hundreds digit of 26729906?
9
What is the ten millions digit of 28023700?
2
What is the tens digit of 134778807?
0
What is the tens digit of 15454544?
4
What is the ten thousands digit of 59424131?
2
What is the hundred thousands digit of 126119722?
1
What is the hundred millions digit of 2283873015?
2
What is the tens digit of 5004710569?
6
What is the tens digit of 21413455?
5
What is the ten millions digit of 146286476?
4
What is the ten millions digit of 50355977?
5
What is the ten millions digit of 19129820?
1
What is the ten millions digit of 2470724324?
7
What is the ten millions digit of 272957630?
7
What is the units digit of 2521723120?
0
What is the hundred thousands digit of 181852575?
8
What is the units digit of 1871817101?
1
What is the units digit of 109341918?
8
What is the ten thousands digit of 604196919?
9
W